False
Is 12 a factor of 3778486?
False
Is 7 a factor of 120957?
False
Is 51140 a multiple of 35?
False
Is 831 a multiple of 3?
True
Is 95 a factor of 33739?
False
Is 245336 a multiple of 91?
True
Is 2998489 a multiple of 16?
False
Is 682168 a multiple of 19?
False
Is 24378 a multiple of 34?
True
Is 3 a factor of 138278?
False
Is 1228292 a multiple of 316?
True
Is 3738606 a multiple of 51?
True
Is 129 a factor of 88881?
True
Is 43 a factor of 55707?
False
Is 39 a factor of 1491399?
True
Is 5 a factor of 269097?
False
Is 14 a factor of 27420?
False
Is 19 a factor of 484899?
True
Is 205065 a multiple of 19?
False
Is 62 a factor of 990264?
True
Is 135 a factor of 315360?
True
Is 62 a factor of 3453628?
False
Does 102 divide 210528?
True
Is 1208700 a multiple of 85?
True
Is 64 a factor of 263424?
True
Is 49 a factor of 3773968?
False
Is 31110 a multiple of 34?
True
Does 2 divide 221068?
True
Is 29 a factor of 448050?
True
Is 283501 a multiple of 32?
False
Is 3491831 a multiple of 833?
False
Is 16 a factor of 3253417?
False
Is 610 a factor of 707600?
True
Is 422799 a multiple of 37?
True
Does 766 divide 1055284?
False
Is 3661225 a multiple of 31?
False
Is 163452 a multiple of 21?
False
Does 10 divide 46610?
True
Is 3812620 a multiple of 10?
True
Does 473 divide 125345?
True
Is 7829835 a multiple of 28?
False
Is 289821 a multiple of 35?
False
Is 8448840 a multiple of 6?
True
Is 3048120 a multiple of 120?
True
Does 618 divide 7615614?
True
Is 9927360 a multiple of 576?
True
Does 17 divide 161229?
False
Is 45 a factor of 13230?
True
Does 147 divide 1129103?
False
Does 14 divide 26495050?
False
Is 299 a factor of 1424735?
True
Is 30 a factor of 639720?
True
Is 11 a factor of 105710?
True
Does 412 divide 14812673?
False
Is 330 a factor of 18335689?
False
Is 440078 a multiple of 19?
True
Is 40 a factor of 375880?
True
Does 9 divide 95688?
True
Is 6072 a multiple of 33?
True
Is 1590510 a multiple of 11?
False
Is 26 a factor of 1987388?
True
Does 322 divide 9477426?
True
Is 3671 a multiple of 3?
False
Is 15 a factor of 322594?
False
Is 8136 a multiple of 339?
True
Does 257 divide 148032?
True
Does 73 divide 19056979?
False
Is 630 a factor of 4709893?
False
Does 3 divide 46557?
True
Is 79 a factor of 1870177?
False
Is 56 a factor of 420616?
True
Is 4720605 a multiple of 36?
False
Does 116 divide 18368252?
True
Is 988271 a multiple of 9?
False
Is 1610969 a multiple of 18?
False
Is 209 a factor of 142120?
True
Is 1198088 a multiple of 7?
False
Is 576671 a multiple of 749?
False
Does 36 divide 122749?
False
Is 69 a factor of 788601?
True
Is 3548203 a multiple of 705?
False
Does 38 divide 370880?
True
Is 279 a factor of 968967?
True
Is 319 a factor of 7281466?
False
Is 78548 a multiple of 98?
False
Is 82 a factor of 1815166?
False
Is 77215 a multiple of 179?
False
Does 3003 divide 30687657?
True
Is 159 a factor of 11335601?
False
Is 93258 a multiple of 3?
True
Is 106 a factor of 108332?
True
Is 5 a factor of 1144854?
False
Does 7 divide 1087308?
False
Is 443515 a multiple of 5?
True
Is 114 a factor of 122498?
False
Is 58050 a multiple of 135?
True
Does 150 divide 264600?
True
Does 149 divide 8507006?
True
Does 13 divide 104941?
False
Is 6 a factor of 2032932?
True
Is 873 a factor of 5182998?
False
Does 2 divide 427641?
False
Is 7 a factor of 4256294?
True
Does 260 divide 10993840?
True
Is 965543 a multiple of 19?
False
Does 27 divide 2998755?
True
Is 25 a factor of 8298175?
True
Is 276 a factor of 377234?
False
Is 432025 a multiple of 55?
True
Is 10 a factor of 545350?
True
Does 22 divide 232785?
False
Is 610 a factor of 304390?
True
Is 58170 a multiple of 35?
True
Is 29 a factor of 3135276?
False
Does 224 divide 585165?
False
Does 30 divide 89910?
True
Does 34 divide 430644?
True
Is 242620 a multiple of 14?
True
Is 27 a factor of 94365?
True
Does 311 divide 940464?
True
Does 82 divide 8558079?
False
Is 3348410 a multiple of 25?
False
Is 93879 a multiple of 57?
True
Is 2229 a factor of 12892769?
False
Is 40 a factor of 200412?
False
Does 30 divide 304819?
False
Is 16315039 a multiple of 1391?
True
Does 11 divide 38049?
True
Is 50 a factor of 3491106?
False
Does 63 divide 889622?
False
Does 12 divide 2015196?
True
Is 16 a factor of 65099?
False
Does 111 divide 1160616?
True
Is 14 a factor of 97914?
False
Does 19 divide 77870?
False
Is 2 a factor of 5301?
False
Is 26 a factor of 1711606?
True
Is 23936 a multiple of 44?
True
Is 6 a factor of 30340?
False
Does 372 divide 14959170?
False
Does 119 divide 916590?
False
Is 89684 a multiple of 9?
False
Does 123 divide 35858?
False
Is 89 a factor of 107868?
True
Does 32 divide 499354?
False
Does 8 divide 85558?
False
Is 7104935 a multiple of 607?
True
Is 38 a factor of 636696?
False
Does 67 divide 208638?
True
Is 153 a factor of 106488?
True
Is 14 a factor of 106260?
True
Is 117800 a multiple of 62?
True
Is 38 a factor of 1284286?
True
Is 2278476 a multiple of 438?
True
Is 231060 a multiple of 20?
True
Does 79 divide 295485?
False
Does 20 divide 293051?
False
Is 162361 a multiple of 20?
False
Does 234 divide 647561?
False
Is 3617412 a multiple of 7?
False
Is 144003 a multiple of 3?
True
Is 272 a factor of 140726?
False
Is 131314 a multiple of 243?
False
Is 81774 a multiple of 14?
True
Is 351926 a multiple of 122?
False
Does 1628 divide 4608868?
True
Does 186 divide 141706?
False
Is 4707730 a multiple of 835?
True
Is 508 a factor of 744723?
False
Does 5 divide 27044?
False
Is 62557 a multiple of 11?
True
Is 109086 a multiple of 121?
False
Is 13 a factor of 795496?
True
Is 227746 a multiple of 35?
False
Does 22 divide 113476?
True
Does 120 divide 3442073?
False
Does 10 divide 99170?
True
Does 115 divide 566260?
True
Is 33 a factor of 3921526?
False
Is 68 a factor of 231608?
True
Is 15046 a multiple of 7?
False
Is 1872018 a multiple of 3?
True
Is 8 a factor of 113029?
False
Is 19562154 a multiple of 2113?
True
Is 733920 a multiple of 130?
False
Is 3 a factor of 114111?
True
Does 6 divide 166657?
False
Is 24134328 a multiple of 27?
True
Does 14 divide 4507676?
False
Is 30 a factor of 1480980?
True
Is 48 a factor of 153689?
False
Is 40167 a multiple of 2?
False
Is 25 a factor of 5788430?
False
Does 39 divide 41057?
False
Is 8206912 a multiple of 64?
True
Does 172 divide 326628?
True
Does 286 divide 295883?
False
Is 4 a factor of 13004?
True
Does 752 divide 50273?
False
Does 41 divide 3650117?
False
Does 35 divide 1197210?
True
Does 267 divide 767379?
False
Is 7219354 a multiple of 19?
True
Is 699020 a multiple of 35?
True
Does 191 divide 91656?
False
Does 514 divide 1861194?
True
Does 213 divide 380282?
False
Is 21 a factor of 1292130?
True
Does 318 divide 5157814?
False
Is 177144 a multiple of 11?
True
Is 33 a factor of 907803?
False
Is 151765 a multiple of 5?
True
Is 161500 a multiple of 500?
True
Is 91 a factor of 1030214?
False
Does 46 divide 429711?
False
Is 120 a factor of 3477840?
True
Is 11240371 a multiple of 653?
False
Is 187777 a multiple of 29?
False
Does 8 divide 10224?
True
Does 12 divide 13204812?
True
Is 71388 a multiple of 9?
True
Does 22 divide 951541?
False
Does 248 divide 670484?
False
Is 21 a factor of 230407?
False
Does 4 divide 5489?
False
Is 327 a factor of 4007737?
False
Is 247426 a multiple of 13?
False
Is 133 a factor of 974225?
True
Does 2 divide 1047249?
False
Does 113 divide 1704660?
False
Is 1754868 a multiple of 100?
False
Is 1464918 a multiple of 182?
True
Is 1478304 a multiple of 6?
True
Does 944 divide 2370384?
True
Does 202 divide 5558838?
True
Is 4 a factor of 5317148?
True
Is 8906 a multiple of 139?
False
Is 402248 a multiple of 11?
True
Does 62 divide 8556?
True
Does 45 divide 582480?
True
Is 1220047 a multiple of 10?
False
Does 236 divide 227504?
True
Is 400546 a multiple of 7?
False
Does 169 divide 8357388?
True
Does 144 divide 81176?
False
Is 4338047 a multiple of 40?
False
Is 496300 a multiple of 14?
True
Is 123 a factor of 185197?
False
Does 4 divide 64444?
True
Does 10 divide 1368196?
False
Is 26983 a multiple of 2?
False
Is 27 a factor of 12368916?
True
Is 1421002 a multiple of 11?
True
Is 3525795 a multiple of 123?
True
Is 636415 a multiple of 14?
False
Is 1440 a factor of 6338880?
True
Is 299 a factor of 176172?
False
Is 35 a factor of 362985?
True
Is 21 a factor of 255341?
